{"id":7244,"date":"2024-12-06T09:47:10","date_gmt":"2024-12-06T06:47:10","guid":{"rendered":"https:\/\/oncocare-austria.com\/?post_type=medici&#038;p=7244"},"modified":"2024-12-06T09:47:33","modified_gmt":"2024-12-06T06:47:33","slug":"johannes-drach-md","status":"publish","type":"medici","link":"https:\/\/oncocare-austria.com\/en\/medici\/johannes-drach-md\/","title":{"rendered":"Johannes Drach, MD"},"content":{"rendered":"<p>Johannes Drach did his medical studies at the Medical University of Vienna, Austria. He is a specialist in internal medicine specializing in hematology and oncology. He is the medical director of the Josefstadt Confraternit\u00e4t Private Clinic.<\/p>\n<p>Born in Tirol, Univ. Prof. Dr. Johannes Drach owned numerous positions at the Vienna General Hospital, most recently Deputy Head of the Department of Clinical Oncology of the First Department of Internal in Vienna.<\/p>","protected":false},"featured_media":6303,"template":"","specialitati":[64,63],"class_list":["post-7244","medici","type-medici","status-publish","has-post-thumbnail","hentry","specialitati-hematologie","specialitati-oncologie"],"acf":[],"yoast_head":"<!-- This site is optimized with the Yoast SEO plugin v27.3 - https:\/\/yoast.com\/product\/yoast-seo-wordpress\/ -->\n<title>Johannes Drach, MD - OncoCare Austria<\/title>\n<meta name=\"robots\" content=\"index, follow, max-snippet:-1, max-image-preview:large, max-video-preview:-1\" \/>\n<link rel=\"canonical\" href=\"https:\/\/oncocare-austria.com\/en\/medici\/johannes-drach-md\/\" \/>\n<meta property=\"og:locale\" content=\"en_US\" \/>\n<meta property=\"og:type\" content=\"article\" \/>\n<meta property=\"og:title\" content=\"Johannes Drach, MD - OncoCare Austria\" \/>\n<meta property=\"og:description\" content=\"Johannes Drach \u0219i-a f\u0103cut studiile de medicin\u0103 la Universitatea de Medicin\u0103 din Viena, Austria. Este specialist \u00een medicin\u0103 intern\u0103, cu specializare \u00een hematologie \u0219i oncologie. Este directorul medical al clinicii private Josefstadt Confraternit\u00e4t. Nascut in Tirol, Univ. Prof. Dr. Johannes Drach a de\u021binut numeroase func\u021bii la Spitalul General din Viena, cel mai recent fiind \u0219ef [&hellip;]\" \/>\n<meta property=\"og:url\" content=\"https:\/\/oncocare-austria.com\/en\/medici\/johannes-drach-md\/\" \/>\n<meta property=\"og:site_name\" content=\"OncoCare Austria\" \/>\n<meta property=\"article:modified_time\" content=\"2024-12-06T06:47:33+00:00\" \/>\n<meta property=\"og:image\" content=\"https:\/\/oncocare-austria.com\/wp-content\/uploads\/2021\/09\/Prof.Drach_.jpg\" \/>\n\t<meta property=\"og:image:width\" content=\"334\" \/>\n\t<meta property=\"og:image:height\" content=\"430\" \/>\n\t<meta property=\"og:image:type\" content=\"image\/jpeg\" \/>\n<meta name=\"twitter:card\" content=\"summary_large_image\" \/>\n<meta name=\"twitter:label1\" content=\"Est. reading time\" \/>\n\t<meta name=\"twitter:data1\" content=\"1 minute\" \/>\n<script type=\"application\/ld+json\" class=\"yoast-schema-graph\">{\"@context\":\"https:\\\/\\\/schema.org\",\"@graph\":[{\"@type\":\"WebPage\",\"@id\":\"https:\\\/\\\/oncocare-austria.com\\\/medici\\\/johannes-drach-md\\\/\",\"url\":\"https:\\\/\\\/oncocare-austria.com\\\/medici\\\/johannes-drach-md\\\/\",\"name\":\"Johannes Drach, MD - OncoCare Austria\",\"isPartOf\":{\"@id\":\"https:\\\/\\\/oncocare-austria.com\\\/#website\"},\"primaryImageOfPage\":{\"@id\":\"https:\\\/\\\/oncocare-austria.com\\\/medici\\\/johannes-drach-md\\\/#primaryimage\"},\"image\":{\"@id\":\"https:\\\/\\\/oncocare-austria.com\\\/medici\\\/johannes-drach-md\\\/#primaryimage\"},\"thumbnailUrl\":\"https:\\\/\\\/oncocare-austria.com\\\/wp-content\\\/uploads\\\/2021\\\/09\\\/Prof.Drach_.jpg\",\"datePublished\":\"2024-12-06T06:47:10+00:00\",\"dateModified\":\"2024-12-06T06:47:33+00:00\",\"breadcrumb\":{\"@id\":\"https:\\\/\\\/oncocare-austria.com\\\/medici\\\/johannes-drach-md\\\/#breadcrumb\"},\"inLanguage\":\"en-US\",\"potentialAction\":[{\"@type\":\"ReadAction\",\"target\":[\"https:\\\/\\\/oncocare-austria.com\\\/medici\\\/johannes-drach-md\\\/\"]}]},{\"@type\":\"ImageObject\",\"inLanguage\":\"en-US\",\"@id\":\"https:\\\/\\\/oncocare-austria.com\\\/medici\\\/johannes-drach-md\\\/#primaryimage\",\"url\":\"https:\\\/\\\/oncocare-austria.com\\\/wp-content\\\/uploads\\\/2021\\\/09\\\/Prof.Drach_.jpg\",\"contentUrl\":\"https:\\\/\\\/oncocare-austria.com\\\/wp-content\\\/uploads\\\/2021\\\/09\\\/Prof.Drach_.jpg\",\"width\":334,\"height\":430,\"caption\":\"Prof.Drach\"},{\"@type\":\"BreadcrumbList\",\"@id\":\"https:\\\/\\\/oncocare-austria.com\\\/medici\\\/johannes-drach-md\\\/#breadcrumb\",\"itemListElement\":[{\"@type\":\"ListItem\",\"position\":1,\"name\":\"Home\",\"item\":\"https:\\\/\\\/oncocare-austria.com\\\/\"},{\"@type\":\"ListItem\",\"position\":2,\"name\":\"Medici\",\"item\":\"https:\\\/\\\/oncocare-austria.com\\\/medici\\\/\"},{\"@type\":\"ListItem\",\"position\":3,\"name\":\"Johannes Drach, MD\"}]},{\"@type\":\"WebSite\",\"@id\":\"https:\\\/\\\/oncocare-austria.com\\\/#website\",\"url\":\"https:\\\/\\\/oncocare-austria.com\\\/\",\"name\":\"OncoCare Austria\",\"description\":\"your best choice is here\",\"publisher\":{\"@id\":\"https:\\\/\\\/oncocare-austria.com\\\/#organization\"},\"potentialAction\":[{\"@type\":\"SearchAction\",\"target\":{\"@type\":\"EntryPoint\",\"urlTemplate\":\"https:\\\/\\\/oncocare-austria.com\\\/?s={search_term_string}\"},\"query-input\":{\"@type\":\"PropertyValueSpecification\",\"valueRequired\":true,\"valueName\":\"search_term_string\"}}],\"inLanguage\":\"en-US\"},{\"@type\":\"Organization\",\"@id\":\"https:\\\/\\\/oncocare-austria.com\\\/#organization\",\"name\":\"OncoCare Austria\",\"url\":\"https:\\\/\\\/oncocare-austria.com\\\/\",\"logo\":{\"@type\":\"ImageObject\",\"inLanguage\":\"en-US\",\"@id\":\"https:\\\/\\\/oncocare-austria.com\\\/#\\\/schema\\\/logo\\\/image\\\/\",\"url\":\"https:\\\/\\\/oncocare-austria.com\\\/wp-content\\\/uploads\\\/2020\\\/09\\\/cropped-LOGO-1.jpg\",\"contentUrl\":\"https:\\\/\\\/oncocare-austria.com\\\/wp-content\\\/uploads\\\/2020\\\/09\\\/cropped-LOGO-1.jpg\",\"width\":1159,\"height\":266,\"caption\":\"OncoCare Austria\"},\"image\":{\"@id\":\"https:\\\/\\\/oncocare-austria.com\\\/#\\\/schema\\\/logo\\\/image\\\/\"}}]}<\/script>\n<!-- \/ Yoast SEO plugin. -->","yoast_head_json":{"title":"Johannes Drach, MD - OncoCare Austria","robots":{"index":"index","follow":"follow","max-snippet":"max-snippet:-1","max-image-preview":"max-image-preview:large","max-video-preview":"max-video-preview:-1"},"canonical":"https:\/\/oncocare-austria.com\/en\/medici\/johannes-drach-md\/","og_locale":"en_US","og_type":"article","og_title":"Johannes Drach, MD - OncoCare Austria","og_description":"Johannes Drach \u0219i-a f\u0103cut studiile de medicin\u0103 la Universitatea de Medicin\u0103 din Viena, Austria. Este specialist \u00een medicin\u0103 intern\u0103, cu specializare \u00een hematologie \u0219i oncologie. Este directorul medical al clinicii private Josefstadt Confraternit\u00e4t. Nascut in Tirol, Univ. Prof. Dr. Johannes Drach a de\u021binut numeroase func\u021bii la Spitalul General din Viena, cel mai recent fiind \u0219ef [&hellip;]","og_url":"https:\/\/oncocare-austria.com\/en\/medici\/johannes-drach-md\/","og_site_name":"OncoCare Austria","article_modified_time":"2024-12-06T06:47:33+00:00","og_image":[{"width":334,"height":430,"url":"https:\/\/oncocare-austria.com\/wp-content\/uploads\/2021\/09\/Prof.Drach_.jpg","type":"image\/jpeg"}],"twitter_card":"summary_large_image","twitter_misc":{"Est. reading time":"1 minute"},"schema":{"@context":"https:\/\/schema.org","@graph":[{"@type":"WebPage","@id":"https:\/\/oncocare-austria.com\/medici\/johannes-drach-md\/","url":"https:\/\/oncocare-austria.com\/medici\/johannes-drach-md\/","name":"Johannes Drach, MD - OncoCare Austria","isPartOf":{"@id":"https:\/\/oncocare-austria.com\/#website"},"primaryImageOfPage":{"@id":"https:\/\/oncocare-austria.com\/medici\/johannes-drach-md\/#primaryimage"},"image":{"@id":"https:\/\/oncocare-austria.com\/medici\/johannes-drach-md\/#primaryimage"},"thumbnailUrl":"https:\/\/oncocare-austria.com\/wp-content\/uploads\/2021\/09\/Prof.Drach_.jpg","datePublished":"2024-12-06T06:47:10+00:00","dateModified":"2024-12-06T06:47:33+00:00","breadcrumb":{"@id":"https:\/\/oncocare-austria.com\/medici\/johannes-drach-md\/#breadcrumb"},"inLanguage":"en-US","potentialAction":[{"@type":"ReadAction","target":["https:\/\/oncocare-austria.com\/medici\/johannes-drach-md\/"]}]},{"@type":"ImageObject","inLanguage":"en-US","@id":"https:\/\/oncocare-austria.com\/medici\/johannes-drach-md\/#primaryimage","url":"https:\/\/oncocare-austria.com\/wp-content\/uploads\/2021\/09\/Prof.Drach_.jpg","contentUrl":"https:\/\/oncocare-austria.com\/wp-content\/uploads\/2021\/09\/Prof.Drach_.jpg","width":334,"height":430,"caption":"Prof.Drach"},{"@type":"BreadcrumbList","@id":"https:\/\/oncocare-austria.com\/medici\/johannes-drach-md\/#breadcrumb","itemListElement":[{"@type":"ListItem","position":1,"name":"Home","item":"https:\/\/oncocare-austria.com\/"},{"@type":"ListItem","position":2,"name":"Medici","item":"https:\/\/oncocare-austria.com\/medici\/"},{"@type":"ListItem","position":3,"name":"Johannes Drach, MD"}]},{"@type":"WebSite","@id":"https:\/\/oncocare-austria.com\/#website","url":"https:\/\/oncocare-austria.com\/","name":"OncoCare Austria","description":"your best choice is here","publisher":{"@id":"https:\/\/oncocare-austria.com\/#organization"},"potentialAction":[{"@type":"SearchAction","target":{"@type":"EntryPoint","urlTemplate":"https:\/\/oncocare-austria.com\/?s={search_term_string}"},"query-input":{"@type":"PropertyValueSpecification","valueRequired":true,"valueName":"search_term_string"}}],"inLanguage":"en-US"},{"@type":"Organization","@id":"https:\/\/oncocare-austria.com\/#organization","name":"OncoCare Austria","url":"https:\/\/oncocare-austria.com\/","logo":{"@type":"ImageObject","inLanguage":"en-US","@id":"https:\/\/oncocare-austria.com\/#\/schema\/logo\/image\/","url":"https:\/\/oncocare-austria.com\/wp-content\/uploads\/2020\/09\/cropped-LOGO-1.jpg","contentUrl":"https:\/\/oncocare-austria.com\/wp-content\/uploads\/2020\/09\/cropped-LOGO-1.jpg","width":1159,"height":266,"caption":"OncoCare Austria"},"image":{"@id":"https:\/\/oncocare-austria.com\/#\/schema\/logo\/image\/"}}]}},"_links":{"self":[{"href":"https:\/\/oncocare-austria.com\/en\/wp-json\/wp\/v2\/medici\/7244","targetHints":{"allow":["GET"]}}],"collection":[{"href":"https:\/\/oncocare-austria.com\/en\/wp-json\/wp\/v2\/medici"}],"about":[{"href":"https:\/\/oncocare-austria.com\/en\/wp-json\/wp\/v2\/types\/medici"}],"wp:featuredmedia":[{"embeddable":true,"href":"https:\/\/oncocare-austria.com\/en\/wp-json\/wp\/v2\/media\/6303"}],"wp:attachment":[{"href":"https:\/\/oncocare-austria.com\/en\/wp-json\/wp\/v2\/media?parent=7244"}],"wp:term":[{"taxonomy":"specialitati","embeddable":true,"href":"https:\/\/oncocare-austria.com\/en\/wp-json\/wp\/v2\/specialitati?post=7244"}],"curies":[{"name":"wp","href":"https:\/\/api.w.org\/{rel}","templated":true}]}}

<p>Johannes Drach did his medical studies at the Medical University of Vienna, Austria. He is a specialist in internal medicine specializing in hematology and oncology. He is the medical director of the Josefstadt Confraternität Private Clinic.</p>
<p>Born in Tirol, Univ. Prof. Dr. Johannes Drach owned numerous positions at the Vienna General Hospital, most recently Deputy Head of the Department of Clinical Oncology of the First Department of Internal in Vienna.</p>

<!-- This site is optimized with the Yoast SEO plugin v27.3 - https://yoast.com/product/yoast-seo-wordpress/ -->
<title>Johannes Drach, MD - OncoCare Austria</title>
<meta name="robots" content="index, follow, max-snippet:-1, max-image-preview:large, max-video-preview:-1" />
<link rel="canonical" href="https://oncocare-austria.com/en/medici/johannes-drach-md/" />
<meta property="og:locale" content="en_US" />
<meta property="og:type" content="article" />
<meta property="og:title" content="Johannes Drach, MD - OncoCare Austria" />
<meta property="og:description" content="Johannes Drach și-a făcut studiile de medicină la Universitatea de Medicină din Viena, Austria. Este specialist în medicină internă, cu specializare în hematologie și oncologie. Este directorul medical al clinicii private Josefstadt Confraternität. Nascut in Tirol, Univ. Prof. Dr. Johannes Drach a deținut numeroase funcții la Spitalul General din Viena, cel mai recent fiind șef [&hellip;]" />
<meta property="og:url" content="https://oncocare-austria.com/en/medici/johannes-drach-md/" />
<meta property="og:site_name" content="OncoCare Austria" />
<meta property="article:modified_time" content="2024-12-06T06:47:33+00:00" />
<meta property="og:image" content="https://oncocare-austria.com/wp-content/uploads/2021/09/Prof.Drach_.jpg" />
	<meta property="og:image:width" content="334" />
	<meta property="og:image:height" content="430" />
	<meta property="og:image:type" content="image/jpeg" />
<meta name="twitter:card" content="summary_large_image" />
<meta name="twitter:label1" content="Est. reading time" />
	<meta name="twitter:data1" content="1 minute" />
<script type="application/ld+json" class="yoast-schema-graph">{"@context":"https:\/\/schema.org","@graph":[{"@type":"WebPage","@id":"https:\/\/oncocare-austria.com\/medici\/johannes-drach-md\/","url":"https:\/\/oncocare-austria.com\/medici\/johannes-drach-md\/","name":"Johannes Drach, MD - OncoCare Austria","isPartOf":{"@id":"https:\/\/oncocare-austria.com\/#website"},"primaryImageOfPage":{"@id":"https:\/\/oncocare-austria.com\/medici\/johannes-drach-md\/#primaryimage"},"image":{"@id":"https:\/\/oncocare-austria.com\/medici\/johannes-drach-md\/#primaryimage"},"thumbnailUrl":"https:\/\/oncocare-austria.com\/wp-content\/uploads\/2021\/09\/Prof.Drach_.jpg","datePublished":"2024-12-06T06:47:10+00:00","dateModified":"2024-12-06T06:47:33+00:00","breadcrumb":{"@id":"https:\/\/oncocare-austria.com\/medici\/johannes-drach-md\/#breadcrumb"},"inLanguage":"en-US","potentialAction":[{"@type":"ReadAction","target":["https:\/\/oncocare-austria.com\/medici\/johannes-drach-md\/"]}]},{"@type":"ImageObject","inLanguage":"en-US","@id":"https:\/\/oncocare-austria.com\/medici\/johannes-drach-md\/#primaryimage","url":"https:\/\/oncocare-austria.com\/wp-content\/uploads\/2021\/09\/Prof.Drach_.jpg","contentUrl":"https:\/\/oncocare-austria.com\/wp-content\/uploads\/2021\/09\/Prof.Drach_.jpg","width":334,"height":430,"caption":"Prof.Drach"},{"@type":"BreadcrumbList","@id":"https:\/\/oncocare-austria.com\/medici\/johannes-drach-md\/#breadcrumb","itemListElement":[{"@type":"ListItem","position":1,"name":"Home","item":"https:\/\/oncocare-austria.com\/"},{"@type":"ListItem","position":2,"name":"Medici","item":"https:\/\/oncocare-austria.com\/medici\/"},{"@type":"ListItem","position":3,"name":"Johannes Drach, MD"}]},{"@type":"WebSite","@id":"https:\/\/oncocare-austria.com\/#website","url":"https:\/\/oncocare-austria.com\/","name":"OncoCare Austria","description":"your best choice is here","publisher":{"@id":"https:\/\/oncocare-austria.com\/#organization"},"potentialAction":[{"@type":"SearchAction","target":{"@type":"EntryPoint","urlTemplate":"https:\/\/oncocare-austria.com\/?s={search_term_string}"},"query-input":{"@type":"PropertyValueSpecification","valueRequired":true,"valueName":"search_term_string"}}],"inLanguage":"en-US"},{"@type":"Organization","@id":"https:\/\/oncocare-austria.com\/#organization","name":"OncoCare Austria","url":"https:\/\/oncocare-austria.com\/","logo":{"@type":"ImageObject","inLanguage":"en-US","@id":"https:\/\/oncocare-austria.com\/#\/schema\/logo\/image\/","url":"https:\/\/oncocare-austria.com\/wp-content\/uploads\/2020\/09\/cropped-LOGO-1.jpg","contentUrl":"https:\/\/oncocare-austria.com\/wp-content\/uploads\/2020\/09\/cropped-LOGO-1.jpg","width":1159,"height":266,"caption":"OncoCare Austria"},"image":{"@id":"https:\/\/oncocare-austria.com\/#\/schema\/logo\/image\/"}}]}</script>
<!-- / Yoast SEO plugin. -->

Johannes Drach și-a făcut studiile de medicină la Universitatea de Medicină din Viena, Austria. Este specialist în medicină internă, cu specializare în hematologie și oncologie. Este directorul medical al clinicii private Josefstadt Confraternität. Nascut in Tirol, Univ. Prof. Dr. Johannes Drach a deținut numeroase funcții la Spitalul General din Viena, cel mai recent fiind șef [&hellip;]
